) = -7*c**3 + 7*c**2 - 2*c - 1. Let i(b) = 7*b**3 - 5*b**2 + 2. Let y(q) = 3*i(q) + 2*m(q). Calculate y(1).
6
Let i(b) be the first derivative of -b**4/12 + b**3/6 - 2*b**2 + 51*b - 50. Let o(q) be the first derivative of i(q). Determine o(0).
-4
Let j(q) = 14*q**3 - q**2 - 2*q - 1. Let c(s) = -s**3. Let t(w) = 3*c(w) + j(w). Determine t(-1).
-11
Let p(v) be the third derivative of v**4/24 + 2*v**3/3 + 9*v**2 - 76*v. Suppose 3*y = 2*y. What is p(y)?
4
Let b(y) = -y**2 + 9*y - 10. Suppose 2*w = -3*i - 16, 0 = -2*w + 4*i - 2*i + 4. Let a be -4*-3*w/(-3). Calculate b(a).
-2
Let x(w) = -w - 7. Suppose 104 = -15*g + 284. Determine x(g).
-19
Let l(o) = 4*o**3 - 2*o**3 - o**2 + 7*o**3 - o**3. Let p(s) = s**3 + 7*s**2 + s + 7. Let b be p(-7). Suppose -7*z + 5*z + 2 = b. Give l(z).
7
Let a(l) = 17*l**3 - 37*l**2 - 23*l - 42. Let n(k) = -12*k**3 + 25*k**2 + 15*k + 28. Let p(i) = 5*a(i) + 7*n(i). Calculate p(11).
-3
Let b(r) = 3*r + 7. Let o = 119 - 111. What is b(o)?
31
Let x(n) be the second derivative of n**3/3 - 5*n**2/2 + n + 21. What is x(-6)?
-17
Let j(k) = k**3 - 7*k**2 - 8*k + 2. Let f(o) = o**2 + 9*o + 16. Let r be f(-8). Determine j(r).
2
Let u be (4/(-8))/((-2)/(-68)). Let g(a) = -a**2 - 17*a + 2. Determine g(u).
2
Let i(s) be the first derivative of -s**2/2 + 5*s + 13. Let o(x) = 2*x - 9. Let f(g) = 11*i(g) + 6*o(g). Calculate f(7).
8
Let f(o) = -o + 21 - 30*o**3 + 0 + 2*o**2 - 3*o**2 + 31*o**3. Let d(s) = -s**3 + 5*s**2 + 6*s. Let j be d(6). Calculate f(j).
21
Let r = 1 - -5. Let p(i) = 1 - 5*i - 3 + 201*i**2 + 1 - 200*i**2. Determine p(r).
5
Let a be (-7)/(4 - 6/2). Let p = -2 - a. Let b(r) be the first derivative of -r**2 + 4*r - 3. What is b(p)?
-6
Let u(k) = k**2 + 17*k + 62. Let b be u(-7). Let o(y) = -y**2 - 9*y + 2. Give o(b).
10
Suppose -5*o = 2*r - 17, -3*o = -4*r - 5*o + 74. Let i = r + -19. Suppose -4*p + i*d = -2 + 22, -3*p + 3*d - 12 = 0. Let v(y) = 3*y + 4. Determine v(p).
-14
Suppose -5*n + 0 + 9 = 3*y, 4*y = -3*n + 12. Let u(p) = 27*p + p**2 - 11*p - 15*p + 6. What is u(n)?
6
Suppose 15*m - 116 + 56 = 0. Let t(k) be the third derivative of 0*k - 2/3*k**3 - 1/24*k**m + 0 - 6*k**2. Give t(0).
-4
Let d = 4 - 9. Let b(i) = -i**2 - 6*i - 6. Let f be b(d). Let m(t) = 1. Let o(z) = z**2 - 1. Let c(l) = 6*m(l) + 5*o(l). Calculate c(f).
6
Let v(m) = 4*m - 1. Let w(k) = -k**2 - 58*k - 7. Let u be w(-58). What is v(u)?
-29
Suppose 2*u = 5*g - 69, -3*u - 36 = -3*g - 0*u. Let b be 9 - (-3)/(g/(-20)). Let r(q) = -q**2 + 6*q + 4. Determine r(b).
9
Let g(l) be the second derivative of -l**4/12 + 5*l**2/2 - 4*l + 22. Determine g(-3).
-4
Let i(f) = 5 - 4*f**2 + 8*f - f**2 + 4*f**2 - 7*f. Suppose 37 = 3*w + 3*q + 7, -2*w + q = -14. Suppose -12 - w = -5*c. Give i(c).
-7
Suppose 10 = -6*l + 11*l. Let u(g) = 44*g + 37*g - 74*g + g**l + 4. What is u(-6)?
-2
Let l(m) = 5*m**2 + 0*m**3 - 2*m**3 + m**3 - m - 5. Let w(a) = -a**3 - 5*a**2 + 4*a - 7. Let n be w(-6). What is l(n)?
-10
Suppose 0 = -3*k + 9, 0 = 3*g - 4*k + 9 - 33. Let p be -6 - (g/(-9) - 5/(-15)). Let f(o) be the second derivative of o**3/3 + o**2/2 + o. What is f(p)?
-9
Let y = -1 + -4. Let i(v) = -5*v - 3. Let x(p) = -11*p - 5. Let q(s) = 7*i(s) - 3*x(s). Determine q(y).
4
Suppose 0 = 15*o - 13*o - 116. Let s = o + -56. Let g(v) = -v**2 + 3*v + 1. What is g(s)?
3
Let g = 188 + -183. Let b(y) = y**3 - 5*y**2 - 2*y + 5. What is b(g)?
-5
Let q = 0 - -2. Let b(m) = -1. Let w(h) = -h - 4. Let d(g) = q*b(g) + w(g). Calculate d(-6).
0
Let g(s) be the second derivative of -s**4/6 + s**3/6 + s**2/2 + 161*s. Determine g(3).
-14
Let w(q) be the first derivative of -2*q**3/3 + 2*q - 73. Give w(-3).
-16
Let a(b) = -4*b - 545 + 545. Let r = 6 + -1. Suppose 1 - r = 4*n. Determine a(n).
4
Let j(x) = -x**2 + 2 - 5 - 5*x + 8*x + 2 - 6*x. Give j(-6).
-19
Let z(b) = b**3 + 5*b**2 + b + 1. Suppose 27*o - 9 = 24*o. Let i(r) = -2*r. Let h be i(-1). Suppose -9 = o*a + 2*x, 3*x - 12 - h = a. Give z(a).
-4
Let g(s) = s**2 + 8*s + 9. Let m be g(-7). Let n(a) = 8 - a - 2 - m*a. Let u be ((-5)/(-3))/(10/36). Give n(u).
-12
Let i(j) = 7*j - 4 + 7 - 2*j**2 - 7. Let k(d) be the first derivative of -d**3/3 + 7*d**2/2 + 4*d - 3. Let o be k(7). What is i(o)?
-8
Let t(q) = -q + 2. Let b be -19 + (2 - 5) + -2. Let n = 19 + b. What is t(n)?
7
Suppose -5*d = -2*d + 3*g + 6, 0 = -3*d + g - 2. Suppose -10 - 7 = -3*p + f, 3*p - 4*f = 23. Let y(r) = -p + 2*r + 3 + 1. Give y(d).
-3
Suppose y - 2*z = -7*z + 5, 0 = -2*y + 4*z - 18. Let s(i) = i**3. Let v(p) = -3*p**3 + 5*p**2 - 3*p - 6. Let t(c) = -4*s(c) - v(c). Determine t(y).
-9
Let n(y) = -y**2 - y + 7. Let q = -5 - -9. Suppose -r + q*r = 9. Suppose 0*p = p + 4*a - 4, -3*a + r = -5*p. Calculate n(p).
7
Let d(x) = x**2 - 6*x - 5. Let l(v) = 2*v**2 - 28. Let c be l(-4). Calculate d(c).
-13
Let d(h) = -50*h**3 - 14*h**2 + 9*h. Let w(f) = 26*f**3 + 8*f**2 - 5*f. Let n(m) = -4*d(m) - 7*w(m). What is n(1)?
17
Let c(b) = 0 + 7*b + 2 - b**2 + 1 + 1. Suppose -2*a + 3*u + 5 = 0, 5*a + u = -4*u - 50. Let q(x) = -x - 1. Let v be q(a). What is c(v)?
16
Suppose 5*v - 3*v - 10 = 2*a, -2*v + 10 = 4*a. Let h(j) be the third derivative of -1/60*j**5 + 0 - 5/24*j**4 + j**3 + 0*j - v*j**2. Determine h(-6).
0
Let p(i) = 3*i**2 + 1983*i - 2*i**2 - 1 - 1979*i. Let x be (15/10)/((-3)/(-4)). Let w be (x + -4)/((-4)/(-10)). What is p(w)?
4
Let t(v) = v**2 - 2*v - 19. Let g be t(6). Let m(n) be the first derivative of 1/2*n**2 - 2 + 2*n. Calculate m(g).
7
Let f be (0 - 1/(-1))/(43/129). Let w(q) = 105*q**3 - 53*q**3 - 8 + 6*q**2 - 51*q**f. Determine w(-6).
-8
Let w = -492 - -489. Let t(l) = -l**3 - 3*l**2 - 2*l - 7. Calculate t(w).
-1
Suppose 283*b - 470 = 48*b. Let y(k) = k**2. Let s(z) = z**2 + 1. Let l(h) = -s(h) + 3*y(h). Determine l(b).
7
Let b = -166 - -164. Let f(s) = 4*s**3 + 4*s**2 + 2*s - 1. Calculate f(b).
-21
Let a(y) = -4*y**2 + 2*y - 1. Let q(o) = -o**3 - 15*o**2 + 16*o + 4. Let m be q(-16). Suppose 8 = -d - 3*d + 4*w, 5*d = 3*w - m. Give a(d).
-3
Let v(o) = o**2 + 4*o + 1. Let z be v(-4). Let i(d) = -15*d + 1. Let c be i(z). Let n be 2/c + 91/(-49). Let b(p) = 4*p**2 - 2. Determine b(n).
14
Let j be (1 + -2)/2*0. Let t(o) = -2*o**2 + 313 + o**2 + 2*o**2 - 319 + o. What is t(j)?
-6
Let p(i) = -9*i**2. Let t = -104 + 109. Suppose 2*w - w - 5*l = 6, w = 4*l + t. What is p(w)?
-9
Let t = -2156 - -2149. Let d(x) = x**3 + 5*x**2 - 14*x - 2. Calculate d(t).
-2
Let i be -1 + (-1 - (0 + 0)). Let k(h) = -3*h**3 - 5*h**2 + 4*h - 4. Let x(o) = -4*o**3 - 6*o**2 + 5*o - 5. Let b(v) = -6*k(v) + 5*x(v). Calculate b(i).
13
Suppose -5*t = 0, t - 6 = -2*m - 0. Suppose -o = -3 - m. Let z(j) = o + 0 + 2*j - 5. What is z(3)?
7
Let x = 205 + -214. Let o(f) = 2*f. Give o(x).
-18
Let n(w) = -6*w + 5. Let r(v) = v - 1. Let j(q) = -n(q) - 5*r(q). Let c(k) = -k + 22. Let b be c(0). Suppose 2*x - 5*x + b = 4*u, -3*x = -2*u + 2. Give j(u).
4
Let q(v) = -v**2 + v - 7. Let w(j) = -3*j**2 + 4*j - 20. Let t be 8/(-28) - ((-430)/35 + 4). Let l(m) = t*q(m) - 3*w(m). Calculate l(4).
4
Let i be (-480)/(-84) - 4/(-14). Let a(v) = 3*v - 9. Determine a(i).
9
Suppose -3*m = g + 35, 48 = -2*m - 2*m - 2*g. Let d = 10 + m. Let s(o) = 2*o**2 - 1. Calculate s(d).
1
Let w be 2/5 - (1 - (-539)/(-840)). Let x(h) be the third derivative of -1/60*h**5 + 0*h - 1/6*h**3 + 0 - w*h**4 - h**2. Give x(-3).
-7
Let j(t) = -6 + 3*t**2 - 5 - 2*t - 12 + 21. Give j(2).
6
Let y(a) = a**3 + a + 9. Let b(q) = q**2 - 8*q + 8. Let c be b(7). Let p = -22 + c. Let g = 21 + p. Give y(g).
9
Let l(i) = 8*i - 8 - 7 - 3*i + 18. Let u = -8 + 6. Calculate l(u).
-7
Let u(i) be the second derivative of i**4/12 + i**3/2 - i**2 - i. Let t(f) = -f**3 + 3*f**2 - 6*f + 7. Let a be t(4). Let x = a + 28. What is u(x)?
8
Let q(s) be the first derivative of 2/3*s**3 - 3/2*s**2 - 10 - 4*s. What is q(3)?
5
Let x(k) be the second derivative of 0 + 1/6*k**3 - 2*k**2 + k. Let m be ((-110)/15 + 6)/((-2)/9). Calculate x(m).
2
Let n(u) = -u**2 + 6*u - 5. Suppose -4*j + 16 = 8. Suppose 7 = s + j. What is n(s)?
0
Let z be 1008/70*20/6. Let a = 43 - z. Let l(n) be the third derivative of n**4/6 + 2*n**3/3 - n**2. Determine l(a).
-16
Let v(x) be the third derivative of x**6/72 - x**5/120 + x**4/24 - 2*x**3/3 - 15*x**2. Let m(t) be the first derivative of v(t). Calculate m(1).
5
Suppo